g be n(2). Is s(g) a composite number?
False
Let s = 768 + 13073. Is s a prime number?
True
Suppose -55*v + 179761746 + 57548789 = 0. Is v composite?
True
Suppose -13*l + 1401 = 283. Let d = l - -885. Is d a composite number?
False
Is (170485/112)/(28/448) a composite number?
True
Let z(b) = -2*b**2 - b + 2. Let q be z(4). Let k = q + 37. Suppose -y - 4*h = y - 208, -k*y + 321 = -3*h. Is y composite?
True
Let x = -3 - -9. Suppose -7 = -x*n + 11. Is 8285/5*(n/(-1))/(-3) prime?
True
Suppose -k = -5*o + 2302259, 1807379 - 426018 = 3*o - 2*k. Is o a prime number?
True
Let q = 18063 + -9160. Is q a prime number?
False
Is 1166 + (-5 - -8)*((-16)/(-6) - 3) composite?
True
Let p be (3 - 87/(-12)) + (-15)/(-20). Suppose -p*t + 35 = -4*t. Suppose -t*y + 48 = -1537. Is y a composite number?
False
Suppose f - 6*f = -5*g - 836765, 4*f - 3*g = 669404. Is f a prime number?
False
Suppose 3*s + 3151 = 17995. Let f(l) = -l**3 - 27*l**2 + 21*l - 5. Let y be f(-18). Let d = y + s. Is d a composite number?
True
Is (272260/55)/((-44)/(-242)) prime?
False
Let g = -219 - -223. Suppose -g*s - 2287 = -23163. Is s a prime number?
False
Let z(i) = -362*i - 2285. Is z(-20) composite?
True
Suppose -3*d + 12 = 0, -56*i + 5*d = -51*i - 472445. Is i a prime number?
False
Let u(f) = 122*f**2 - 7*f + 10. Let p be u(4). Let b = 657 - p. Let w = b - -2638. Is w a composite number?
False
Suppose 0 = 3*q + 49*i - 50*i - 10, 4*i = -16. Is 160/(-80) + (-309)/q*-118 a composite number?
False
Let f(v) = 39*v**3 - 3*v**2 - 13*v - 61. Let w(s) = 37*s**3 - 2*s**2 - 12*s - 62. Let h(m) = -4*f(m) + 5*w(m). Is h(7) composite?
False
Suppose 10*u - 5*u + 21 = 4*f, 3*u - 5 = -2*f. Suppose -f*h - 8 = -3*h. Is 326/4*(8 + (-48)/h) prime?
False
Suppose -29*b + 26*b - 5*a + 927167 = 0, -3*a = 6. Is b composite?
False
Suppose -104093 = -o + 12438. Is o a prime number?
True
Let i = 52235 + 5663. Is i a prime number?
False
Let a(d) = 94*d + 9. Let n(h) = -47*h - 5. Suppose -9*s + 14*s = -35. Let c(y) = s*n(y) - 4*a(y). Is c(-2) a composite number?
True
Let w(l) be the second derivative of l**5/10 - l**4/3 + 5*l**3/6 - l**2/2 - 22*l. Let p be w(2). Suppose -4*g + 31291 = p*g. Is g composite?
True
Suppose 0 = -10*x + 75 - 45. Suppose -u + 2262 = 2*u. Suppose -3*j + 5*l + 551 = 0, -4*j - 6*l = -x*l - u. Is j a prime number?
False
Suppose 4*y + 3*w - 26 = 5*w, -4*w - 2 = 2*y. Suppose -470 = 3*k - 3*u - 1478, 5*k + y*u - 1630 = 0. Is k a prime number?
True
Let y = -128288 - -190945. Is y composite?
True
Let p(b) = b**3 - 3*b**2 + 1. Let l be p(3). Let s(o) be the second derivative of 63*o**5/2 + o**3/3 - o**2/2 + o. Is s(l) prime?
True
Suppose -7*k = p - 528211, -18 = 7*k - 4*k. Is p prime?
False
Let b = 5324 + -2396. Suppose 8*i - 4793 = -20929. Let o = b + i. Is o a composite number?
False
Let c be (1/(-3))/(2/(-12)). Let f(l) = 0 - c - 6 + 106*l + 5. Is f(2) prime?
False
Suppose g = 3*r - 288029, -36*r + 3*g + 192010 = -34*r. Is r composite?
True
Let l = 1487 - 3002. Let a = -884 - l. Is a a composite number?
False
Let p = 2412 - 1055. Let g = p - 571. Is 0 + (-1)/(-4) + g/24 a prime number?
False
Let m(t) = -523*t**3 - 2*t**2 + 26*t + 79. Let y be m(-6). Suppose -11*g = -51840 - y. Is g composite?
False
Suppose 0 = -3*n + 7*n - 92. Suppose n = 3*r - 37. Is (-5)/r + 1047/12 composite?
True
Let t(i) = 25303*i + 3281. Is t(6) a prime number?
False
Let u(h) = 9 + 7*h + 8 + 548*h**2 - 10. Is u(6) prime?
True
Suppose -247*h = -273*h + 98618. Is h a composite number?
False
Let r(v) = -v**2 - 71*v + 141439. Is r(0) a prime number?
True
Let r be 1 + -4 + (-5)/(-5). Let w = r + 32. Is ((-10)/w)/((-1)/2463) a composite number?
False
Let o be (-36)/(-8) + ((-21)/(-2))/(-7). Suppose -o*b + 1922 + 313 = 0. Is b prime?
False
Suppose -8*p + 18*p = 10. Let f be (-1)/(-5)*p + (-27)/(-15). Suppose -3*s + 4*j + 11451 = f*s, -9132 = -4*s - 4*j. Is s a composite number?
False
Suppose 2037474 - 242386 = 4*v - 28*m, -897459 = -2*v - 3*m. Is v composite?
True
Let x(l) = 11648*l**2 + 1500*l - 3003. Is x(2) composite?
False
Let d = -1277 + 1281. Let f be (-2 + 7)*(0 + 1). Is (d - (-2185)/f) + 4 a composite number?
True
Let n(p) = -61*p**2 - 18*p + 19. Let o be n(1). Is 32629/7 + o/210 prime?
False
Let t(q) = -q + 15. Let m be t(8). Suppose -m*x + 17874 + 5359 = 0. Is x a prime number?
True
Suppose 5*f - 72 - 173 = 0. Suppose -5*t = -8410 - 1450. Let d = t - f. Is d prime?
False
Let i = -4 - 24. Is (-14)/(i/4) + 3933 composite?
True
Suppose 46*i = 15*i - 248. Let c(z) = 65*z**2 + 11*z + 79. Is c(i) a composite number?
True
Let s be (-2274 - -26) + 2/2. Let h = -928 - s. Is h a composite number?
False
Let r(p) = p**3 + 5*p**2 - 5*p + 7. Let k be r(-6). Let l be -239*(7 + -11) + k*4. Let y = l - 325. Is y a prime number?
False
Suppose 0 = 23*g + 253699 - 145281 - 1487291. Is g composite?
False
Suppose 3*j + 0*m = 5*m + 7960, -5*j - 3*m + 13244 = 0. Let h = 2623 + -497. Suppose 0 = -4*s - 2*c + h, -3*s - c + j = 2*s. Is s a prime number?
False
Let g(y) = -6*y + 18. Let w be g(3). Suppose s + u = 2, w*u - 5 = -u. Let v(k) = -437*k - 5. Is v(s) a prime number?
False
Let p(c) = c**2 - 23*c + 87853. Is p(0) a prime number?
True
Let d(o) = o**3 - 5*o**2 - 12*o + 53. Let p be d(6). Suppose 0 = -p*m + 6*m + 200893. Is m prime?
False
Suppose -34*i = -29*i - 55. Suppose -i*x + 3564 + 6457 = 0. Is x prime?
True
Let d(x) = 11*x + 113. Let a be d(11). Let b = 725 - a. Is b composite?
False
Let q(d) = 90210*d + 49. Is q(3) composite?
False
Suppose -7*b - 12029 = 230171. Let i = 52021 + b. Is i a prime number?
False
Let t(z) = 27*z**2 - 12*z - 5. Let u(j) = 14*j + 1. Let y be u(2). Let v = y + -23. Is t(v) prime?
False
Let h = 57248 - 4441. Is h composite?
False
Let b = 446 + -435. Suppose 19*r + b*r - 792210 = 0. Is r a prime number?
True
Let c(w) = -6*w**3 - 64*w**2 + 38*w - 7. Is c(-15) a prime number?
True
Let q = 3965 - 6053. Let p = 4431 + q. Suppose -3*d - h = 682 - p, -4 = -2*h. Is d composite?
True
Suppose -14 - 10 = -4*v. Is ((-39)/(-9))/((-14125)/2355 + v) a prime number?
False
Suppose -3*o + 78148 = 5*a, -2*a + 4*o + 6790 + 24464 = 0. Is a a composite number?
False
Let d(v) = 6*v**3 - 872*v**2 + 249*v + 167. Is d(150) a composite number?
True
Let j(n) = 30*n**3 - 2*n**2 - 27*n + 37. Let k = 155 + -145. Is j(k) a composite number?
False
Let j(v) = -v**2 - 7*v - 7. Let h be j(-4). Suppose 10219 = 16*u - h*u. Is u a composite number?
False
Suppose 368112 = -27*n + 9081741. Is n composite?
False
Let p(g) = 540*g**2 - 109*g - 1508. Is p(-13) prime?
False
Let k be (-494)/19*(-12)/3. Suppose k*g - 113*g = -201303. Is g composite?
False
Suppose -f - 33*j + 31*j + 170625 = 0, 682450 = 4*f - 2*j. Is f a composite number?
True
Let f = 4341852 + -1970279. Is f prime?
False
Let k(b) = 3*b - 1. Let i(c) = -1696*c + 35. Let z(u) = -i(u) - 6*k(u). Is z(2) composite?
True
Let y(z) = -z**2 + 14*z - 15. Let x be y(13). Let s be 239 - -1*(x - -2). Suppose 205 = h - 2*i - 54, -h = 3*i - s. Is h prime?
True
Let o = 2217 + -976. Is o a prime number?
False
Let g be ((-2937)/2)/((156/144)/(-13)). Suppose 3000 = -6*l + g. Is l a prime number?
True
Suppose k = 5, 7*i - 3*k = 4*i - 27. Let b(m) = -228*m - 7. Let c(l) = l. Let h(v) = b(v) + 4*c(v). Is h(i) prime?
False
Let y be (3/2)/((-45)/(-60)). Let l be (y/(-4) - -2)/((-6)/976). Let u = -59 - l. Is u prime?
False
Let l = -82 - -86. Suppose -4*d + 5*g + 19407 = 6*g, 4*g = l*d - 19432. Is d a composite number?
True
Let l = -569 - -303. Let f(h) = -h**3 + 10*h**2 + 128*h - 10. Let b be f(15). Let v = l + b. Is v a composite number?
True
Suppose -u = -155 - 836. Suppose 17*b - u - 17046 = 0. Is b composite?
False
Let n = 21 - 12. Let q be 2/3*-2*n. Is (-4)/(-6) - (66980/q)/5 composite?
False
Let f(i) be the first derivative of 3*i**5/20 - i**4/3 + 4*i**3/3 - 15*i**2/2 + 2. Let h(y) be the second derivative of f(y). Is h(11) composite?
False
Let t be (-1)/5 + (-68028)/60. Let i = t - -1640. Suppose q + i - 1467 = 0. Is q a composite number?
True
Let l(j) be the third derivative of -1/2*j**3 + 29*j**2 + 0*j + 0 - 77/12*j**4. Is l(-5) a composite number?
True
Suppose 103*w + 2*i = 99*w + 776564, 3*w = -6*i + 582423. Is w a composite number?
False
Suppose -7*y - 3*j = -10*y + 27, j = -y + 7. Suppose 443 = y*m - 1